10
Let r(j) = 5*j**2 + 2*j - 10. Give r(4).
78
Let l(h) = -8*h**3 + 15*h + 30. Determine l(-2).
64
Let u(l) = -2*l**2 + 164*l - 3271. Determine u(49).
-37
Let b(l) = 49*l + 322. Give b(-4).
126
Let n(x) = x**3 + 12*x**2 - 27*x + 5. Give n(-14).
-9
Let j(u) = 610*u - 28102. Give j(46).
-42
Let o(m) = -157*m**2 + 785*m + 4. Calculate o(5).
4
Let u(k) = -k**2 - 8*k + 439. What is u(18)?
-29
Let s(c) = c**2 - 7*c - 6. Determine s(13).
72
Let l(q) = -29349*q + 205443. Determine l(7).
0
Let y(g) = g**3 + 2*g**2 - 65*g + 15. Determine y(-9).
33
Let a(s) = 6*s**3 - 15*s - 19. Determine a(-2).
-37
Let y(a) = a**3 - 3*a**2 + 5*a + 76. Give y(0).
76
Let z(j) = j**3 - 36*j**2 + 31*j - 2526. Determine z(37).
-10
Let g(i) = -4*i**3 - 34*i**2 - 15*i - 25. Determine g(-8).
-33
Let u(o) = 2*o**3 - 46*o**2 + 48*o - 102. Calculate u(23).
1002
Let w(q) = -q**2 - 73*q - 698. Calculate w(-10).
-68
Let f(w) = -8*w + 42. Calculate f(9).
-30
Let p(u) = -6*u - 344. Calculate p(-46).
-68
Let v(y) = 9*y - 17. Determine v(-9).
-98
Let r(h) = 6*h**3 + 3*h**2 - 3*h + 5. Determine r(2).
59
Let h(f) = f**2 + 25*f + 3. What is h(-14)?
-151
Let d(s) = s**2 - 8*s - 69. Determine d(14).
15
Let m(j) = j**2 + 25*j - 659. Give m(15).
-59
Let u(t) = -6*t**2 + 46*t + 71. What is u(8)?
55
Let j(y) = y**3 - 35*y**2 + 194*y + 12. Determine j(7).
-2
Let w(b) = -2*b**2 - 16*b + 82. Determine w(4).
-14
Let h(d) = -31*d - 510. Determine h(-19).
79
Let x(t) = 69*t - 2807. Determine x(41).
22
Let v(r) = r**2 - 20*r - 687. Calculate v(-19).
54
Let u(r) = -117*r + 2110. What is u(18)?
4
Let j(a) = 269*a**2 - 1336*a - 37. Give j(5).
8
Let p(o) = -4*o**2 - 30*o + 91. Determine p(-18).
-665
Let d(t) = 19*t**2 - 3535*t + 192. Calculate d(186).
6
Let j(i) = -23*i + 423. What is j(7)?
262
Let y(b) = -43*b**2 - 85*b - 2. What is y(-2)?
-4
Let m(s) = -s**2 - 17*s - 19. What is m(-16)?
-3
Let m(d) = 2540*d + 543563. Give m(-214).
3
Let c(u) = 7*u**3 - 242*u**2 + 132*u + 38. What is c(34)?
-98
Let a(k) = 13*k**2 + 343*k - 588. What is a(-28)?
0
Let y(t) = -t**2 + 173*t + 3040. Calculate y(-16).
16
Let q(u) = 50*u - 2501. Calculate q(52).
99
Let x(a) = a**3 - 98*a**2 - 25*a + 2223. Give x(98).
-227
Let t(i) = -i**2 - 121*i - 1126. Calculate t(-10).
-16
Let y(b) = -b**3 + 29*b**2 + 59*b + 187. Give y(31).
94
Let t(b) = 2*b**3 + 290*b**2 + 293*b + 704. What is t(-144)?
-16
Let c(j) = -16*j + 215. Calculate c(7).
103
Let r(m) = -5644*m + 101588. Calculate r(18).
-4
Let a(v) = 66*v - 2184. Give a(33).
-6
Let g(m) = 6*m**2 + 146*m + 25. What is g(-25)?
125
Let p(d) = d**2 - 46*d + 49. What is p(44)?
-39
Let c(k) = -103*k + 566. What is c(8)?
-258
Let k(b) = 4*b + 13. Give k(17).
81
Let l(t) = 503*t - 1008. Give l(2).
-2
Let l(j) = -1031*j + 9284. Give l(9).
5
Let n(h) = h**3 + 55*h**2 - 48*h + 455. Determine n(-56).
7
Let l(b) = -b**3 + 153*b**2 + 158*b - 527. What is l(154)?
89
Let q(g) = g**2 + 10*g + 75. Determine q(-6).
51
Let o(i) = -i**2 + 7*i + 201. Determine o(19).
-27
Let t(h) = -h**2 - 36*h + 1328. Determine t(-57).
131
Let i(g) = -1105*g - 7593. What is i(-7)?
142
Let y(p) = 196*p + 6864. Give y(-35).
4
Let j(u) = -u**3 - 5*u**2 + 19*u + 55. Calculate j(-5).
-40
Let t(b) = -b**2 - 455*b - 16. Give t(0).
-16
Let q(f) = -3*f**2 + 48*f + 784. Give q(-10).
4
Let y(f) = -f**2 - 46*f - 139. Determine y(-3).
-10
Let j(k) = k**3 + 3*k**2 + 31*k + 227. What is j(-6)?
-67
Let d(f) = -3*f**3 + 38*f**2 - 12*f + 13. Give d(12).
157
Let j(g) = 5*g**2 - 173*g + 1116. Calculate j(26).
-2
Let h(d) = 11*d**2 + 32*d - 6. Determine h(-5).
109
Let x(s) = 5153*s - 77291. Determine x(15).
4
Let k(a) = 22*a**3 + 16*a**2 - 6*a - 1. What is k(2)?
227
Let n(m) = -m**3 + 3*m**2 + 6*m + 19. Determine n(5).
-1
Let c(l) = -1072*l + 36456. Determine c(34).
8
Let i(g) = g**3 - 325*g**2 - 3342*g - 2679. Determine i(335).
1
Let p(f) = 15*f + 60. What is p(-18)?
-210
Let r(c) = c**3 + 23*c**2 - 42*c - 264. Calculate r(-24).
168
Let j(n) = -n**3 + 4*n**2 + 22*n - 65. What is j(9)?
-272
Let o(d) = -6*d - 767. Calculate o(-40).
-527
Let x(a) = a**3 - 14*a**2 - 56*a + 634. What is x(15)?
19
Let i(m) = 8*m**2 - 122*m + 150. What is i(13)?
-84
Let s(w) = -9*w**2 + 4*w + 70. What is s(-4)?
-90
Let f(t) = -669*t - 3352. Calculate f(-5).
-7
Let y(u) = u + 20. Determine y(-29).
-9
Let q(l) = -l**3 + 8*l**2 + 3*l + 20. Calculate q(5).
110
Let o(x) = 75*x**2 - 4*x + 10. Give o(2).
302
Let q(z) = z**3 - z**2 + 12*z - 24. Determine q(0).
-24
Let t(i) = -56*i**3 + 508*i**2 - 7*i - 253. Give t(9).
8
Let r(q) = -39*q - 200. Determine r(-5).
-5
Let l(o) = -15*o + 149. Calculate l(10).
-1
Let x(c) = -82*c - 64. Calculate x(-1).
18
Let f(i) = i**3 + 30*i**2 - 38*i + 837. Give f(-32).
5
Let g(p) = -17*p - 30. Give g(-5).
55
Let o(v) = -15*v**2 + 1188*v - 295. Calculate o(79).
-58
Let r(j) = j**3 - 33*j**2 + 13*j - 413. Give r(33).
16
Let b(v) = -v**3 + 22*v**2 + 81*v - 39. Determine b(25).
111
Let y(r) = r**3 - 19*r**2 - 14913*r + 358. Give y(-113).
19
Let n(h) = 7*h + 291. Determine n(-11).
214
Let h(s) = 2*s**3 + 5*s**2 - 12*s - 45. What is h(-4)?
-45
Let c(d) = 153*d - 1747. Determine c(11).
-64
Let m(r) = -432*r + 10370. Calculate m(24).
2
Let n(p) = 6*p - 103. Determine n(12).
-31
Let m(h) = 268*h - 11. Calculate m(-2).
-547
Let z(b) = -100*b - 2394. What is z(-23)?
-94
Let s(q) = -329*q + 490. Give s(2).
-168
Let y(u) = 6*u**2 + 23*u - 435. Give y(8).
133
Let b(p) = 2078*p + 25004. Calculate b(-12).
68
Let z(t) = -714*t - 2131. Determine z(-3).
11
Let p(n) = -144*n - 2007. Determine p(-14).
9
Let q(i) = 2*i**2 + 6*i - 32. Calculate q(-8).
48
Let z(v) = -v**3 + 10*v**2 - 15*v. Give z(10).
-150
Let n(h) = 312*h + 2436. Determine n(-8).
-60
Let j(g) = -146*g - 1288. Calculate j(-9).
26
Let z(j) = 11764*j + 47057. What is z(-4)?
1
Let x(s) = 869*s + 862. What is x(-1)?
-7
Let j(k) = -142*k + 302. Give j(3).
-124
Let q(i) = -i**3 - 2*i**2 - 18*i - 143. Calculate q(-5).
22
Let o(z) = 6*z**2 + 53*z - 34. What is o(-10)?
36
Let y(z) = -3*z**2 - 23*z + 15. Give y(-8).
7
Let x(a) = a**3 + 27*a**2 + 33*a + 172. Determine x(-26).
-10
Let m(t) = -2*t**3 - 2*t**2 + 323*t + 642. Give m(-2).
4
Let b(u) = 165*u + 2810. Give b(-17).
5
Let c(l) = l**3 + 7*l**2 - 32*l - 182. Calculate c(-5).
28
Let l(h) = 221*h - 3541. Give l(16).
-5
Let i(q) = 2*q**3 - 11*q**2 - 22*q - 18. What is i(7)?
-25
Let i(c) = -c**2 - 59*c + 2018. What is i(-83)?
26
Let x(a) = 2*a**2 - 36*a + 75. Determine x(14).
-37
Let o(b) = b**3 - 3*b**2 + 2*b + 20. What is o(-2)?
-4
Let d(o) = -308*o + 2430. Give d(8).
-34
Let h(t) = t**3 + 7*t**2 + 33*t + 51. Give h(-5).
-64
Let l(n) = -509*n + 2434. Give l(5).
-111
Let b(h) = 17*h + 920. Give b(-44).
172
Let u(m) = -m**3 + 9*m**2 + 15*m - 183. Calculate u(7).
20
Let w(x) = 8*x**2 - 93*x + 187. What is w(2)?
33
Let a(f) = -297*f**2 - 287*f + 2. Give a(-1).
-8
Let d(a) = -81*a**3 + 485*a**2 + 5*a. What is d(6)?
-6
Let u(i) = 10*i**2 + 9547*i - 9549. Calculate u(1).
8
Let i(x) = -17*x**2 - 411*x - 109. What is i(-24)?
-37
Let c(n) = -2*n**2 + 29*n - 103. Calculate c(26).
-701
Let z(i) = -41*i - 83. Give z(-3).
40
Let o(r) = -2*r**3 - 17*r**2 - 16*r + 7. Determine o(-8).
71
Let p(l) = -225*l + 657. Calculate p(3).
-18
Let r(n) = 25*n + 67. Give r(8).
267
Let r(y) = y**2 - 20*y - 31. What is r(18)?
-67
Let d(l) = l**3 + 14*l**2 - 6*l - 26. Give d(-14).
58
Let f(z) = 123*z + 614. What is f(-5)?
-1
Let l(j) = j**2 + 64*j - 133. What is l(-66)?
-1
Let d(f) = -f**3 - 6*f**2 - 6*f - 166. Calculate d(-8).
10
Let n(w) = -w**3 + 6*w**2 + 2*w - 1. Give n(7).
-36
Let h(w) = -w**3 - 5*w + 31. Give h(4).
-53
Let p(r) = -72*r**2 + 356*r + 22. Determine p(5).
2
Let d(l) = -378*l + 1123. Calculate d(3).
-11
Let r(s) = 148*s + 8588. Calculate r(-58).
4
Let x(c) = -c**3 + 10*c**2 - 11*c + 2. Give x(9).
-16
Let v(o) = 4*o**3 - 27*o**2 - 3*o + 13. Calculate v(7).
41
Let m(v) = 35*v - 449. What is m(14)?
41
Let p(s) = 275*s**2 + 2750*s. What is p(-10)?
0
Let a(l) = -6*l**2 - 111*l - 259. What is a(-16)?
-19
Let u(l) = 42*l**2 - 11*l + 4. Give u(2).
150
Let b(r) = -2*r**3 + 166*r**2 + 159. Calculate b(83).
159
Let n(b) = 1737*b - 13883. Give n(8).
13
Let y(l) = -402*l - 5. Give y(0).
-5
Let y(o) = 26*o + 160. Calculate y(-8).
-48
Let n(k) = k**3 - 46*k**2 + 98*k - 98. Give n